[INFO] cloning repository https://github.com/MoonL1ght/rust-wasm
[INFO] running `Command { std: "git" "-c" "credential.helper=" "-c" "credential.helper=/workspace/cargo-home/bin/git-credential-null" "clone" "--bare" "https://github.com/MoonL1ght/rust-wasm" "/workspace/cache/git-repos/https%3A%2F%2Fgithub.com%2FMoonL1ght%2Frust-wasm", kill_on_drop: false }`
[INFO] [stderr] Cloning into bare repository '/workspace/cache/git-repos/https%3A%2F%2Fgithub.com%2FMoonL1ght%2Frust-wasm'...
[INFO] running `Command { std: "git" "rev-parse" "HEAD", kill_on_drop: false }`
[INFO] [stdout] 5de99b36a528967ae1b9ff7a5c7f222d0b2dcbbc
[INFO] checking MoonL1ght/rust-wasm against try#72f88fc4e9458f89516a0b8b0868f3718aec5b47 for pr-74989
[INFO] running `Command { std: "git" "clone" "/workspace/cache/git-repos/https%3A%2F%2Fgithub.com%2FMoonL1ght%2Frust-wasm" "/workspace/builds/worker-12/source", kill_on_drop: false }`
[INFO] [stderr] Cloning into '/workspace/builds/worker-12/source'...
[INFO] [stderr] done.
[INFO] validating manifest of git repo https://github.com/MoonL1ght/rust-wasm on toolchain 72f88fc4e9458f89516a0b8b0868f3718aec5b47
[INFO] running `Command { std: "/workspace/cargo-home/bin/cargo" "+72f88fc4e9458f89516a0b8b0868f3718aec5b47" "read-manifest" "--manifest-path" "Cargo.toml", kill_on_drop: false }`
[INFO] started tweaking git repo https://github.com/MoonL1ght/rust-wasm
[INFO] finished tweaking git repo https://github.com/MoonL1ght/rust-wasm
[INFO] tweaked toml for git repo https://github.com/MoonL1ght/rust-wasm written to /workspace/builds/worker-12/source/Cargo.toml
[INFO] crate git repo https://github.com/MoonL1ght/rust-wasm already has a lockfile, it will not be regenerated
[INFO] running `Command { std: "/workspace/cargo-home/bin/cargo" "+72f88fc4e9458f89516a0b8b0868f3718aec5b47" "fetch" "--locked" "--manifest-path" "Cargo.toml", kill_on_drop: false }`
[INFO] [stderr]     Blocking waiting for file lock on package cache
[INFO] [stderr]  Downloading crates ...
[INFO] [stderr]   Downloaded wasm-bindgen-backend v0.2.42
[INFO] [stderr]   Downloaded cfg-if v0.1.7
[INFO] [stderr]   Downloaded memory_units v0.4.0
[INFO] [stderr]   Downloaded wasm-bindgen-macro v0.2.42
[INFO] [stderr]   Downloaded wasm-bindgen-macro-support v0.2.42
[INFO] [stderr]   Downloaded futures v0.1.26
[INFO] [stderr]   Downloaded wasm-bindgen v0.2.42
[INFO] [stderr]   Downloaded wasm-bindgen-shared v0.2.42
[INFO] [stderr]   Downloaded wasm-bindgen-futures v0.3.19
[INFO] [stderr]   Downloaded wasm-bindgen-test-macro v0.2.42
[INFO] [stderr]   Downloaded wasm-bindgen-test v0.2.42
[INFO] [stderr]   Downloaded wee_alloc v0.4.4
[INFO] [stderr]   Downloaded js-sys v0.3.19
[INFO] [stderr]   Downloaded bumpalo v2.3.0
[INFO] running `Command { std: "docker" "create" "-v" "/var/lib/crater-agent-workspace/builds/worker-12/target:/opt/rustwide/target:rw,Z" "-v" "/var/lib/crater-agent-workspace/builds/worker-12/source:/opt/rustwide/workdir:ro,Z" "-v" "/var/lib/crater-agent-workspace/cargo-home:/opt/rustwide/cargo-home:ro,Z" "-v" "/var/lib/crater-agent-workspace/rustup-home:/opt/rustwide/rustup-home:ro,Z" "-e" "SOURCE_DIR=/opt/rustwide/workdir" "-e" "CARGO_TARGET_DIR=/opt/rustwide/target" "-e" "CARGO_HOME=/opt/rustwide/cargo-home" "-e" "RUSTUP_HOME=/opt/rustwide/rustup-home" "-w" "/opt/rustwide/workdir" "-m" "1610612736" "--user" "0:0" "--network" "none" "rustops/crates-build-env@sha256:d92eaeed33fa75130ca1ee6c8a01d1ffb62bac859dfdfb3450e3e5d1c0146529" "/opt/rustwide/cargo-home/bin/cargo" "+72f88fc4e9458f89516a0b8b0868f3718aec5b47" "metadata" "--no-deps" "--format-version=1", kill_on_drop: false }`
[INFO] [stdout] 8ff15833902d0abf007689d6ce91abe0bc666bc9e70c90593c7c6af0afc623cf
[INFO] [stderr] WARNING: Your kernel does not support swap limit capabilities or the cgroup is not mounted. Memory limited without swap.
[INFO] running `Command { std: "docker" "start" "-a" "8ff15833902d0abf007689d6ce91abe0bc666bc9e70c90593c7c6af0afc623cf", kill_on_drop: false }`
[INFO] running `Command { std: "docker" "inspect" "8ff15833902d0abf007689d6ce91abe0bc666bc9e70c90593c7c6af0afc623cf", kill_on_drop: false }`
[INFO] running `Command { std: "docker" "rm" "-f" "8ff15833902d0abf007689d6ce91abe0bc666bc9e70c90593c7c6af0afc623cf", kill_on_drop: false }`
[INFO] [stdout] 8ff15833902d0abf007689d6ce91abe0bc666bc9e70c90593c7c6af0afc623cf
[INFO] running `Command { std: "docker" "create" "-v" "/var/lib/crater-agent-workspace/builds/worker-12/target:/opt/rustwide/target:rw,Z" "-v" "/var/lib/crater-agent-workspace/builds/worker-12/source:/opt/rustwide/workdir:ro,Z" "-v" "/var/lib/crater-agent-workspace/cargo-home:/opt/rustwide/cargo-home:ro,Z" "-v" "/var/lib/crater-agent-workspace/rustup-home:/opt/rustwide/rustup-home:ro,Z" "-e" "SOURCE_DIR=/opt/rustwide/workdir" "-e" "CARGO_TARGET_DIR=/opt/rustwide/target" "-e" "CARGO_INCREMENTAL=0" "-e" "RUST_BACKTRACE=full" "-e" "RUSTFLAGS=--cap-lints=forbid" "-e" "CARGO_HOME=/opt/rustwide/cargo-home" "-e" "RUSTUP_HOME=/opt/rustwide/rustup-home" "-w" "/opt/rustwide/workdir" "-m" "1610612736" "--user" "0:0" "--network" "none" "rustops/crates-build-env@sha256:d92eaeed33fa75130ca1ee6c8a01d1ffb62bac859dfdfb3450e3e5d1c0146529" "/opt/rustwide/cargo-home/bin/cargo" "+72f88fc4e9458f89516a0b8b0868f3718aec5b47" "check" "--frozen" "--all" "--all-targets" "--message-format=json", kill_on_drop: false }`
[INFO] [stdout] 1ce059d513521ed5516078778a7a682957ba49a55bc7fbc466fbc2a9f23471b4
[INFO] [stderr] WARNING: Your kernel does not support swap limit capabilities or the cgroup is not mounted. Memory limited without swap.
[INFO] running `Command { std: "docker" "start" "-a" "1ce059d513521ed5516078778a7a682957ba49a55bc7fbc466fbc2a9f23471b4", kill_on_drop: false }`
[INFO] [stderr]    Compiling proc-macro2 v0.4.27
[INFO] [stderr]    Compiling wasm-bindgen-shared v0.2.42
[INFO] [stderr]    Compiling syn v0.15.32
[INFO] [stderr]    Compiling cfg-if v0.1.7
[INFO] [stderr]    Compiling bumpalo v2.3.0
[INFO] [stderr]    Compiling wasm-bindgen v0.2.42
[INFO] [stderr]     Checking futures v0.1.26
[INFO] [stderr]    Compiling log v0.4.6
[INFO] [stderr]    Compiling quote v0.6.12
[INFO] [stderr]    Compiling wasm-bindgen-test-macro v0.2.42
[INFO] [stderr]    Compiling wasm-bindgen-backend v0.2.42
[INFO] [stderr]    Compiling wasm-bindgen-macro-support v0.2.42
[INFO] [stderr]    Compiling wasm-bindgen-macro v0.2.42
[INFO] [stderr]     Checking js-sys v0.3.19
[INFO] [stderr]     Checking console_error_panic_hook v0.1.6
[INFO] [stderr]     Checking rust-wasm v0.1.0 (/opt/rustwide/workdir)
[INFO] [stdout] warning: unused import: `std::fs`
[INFO] [stdout]  --> src/lib.rs:2:5
[INFO] [stdout]   |
[INFO] [stdout] 2 | use std::fs;
[INFO] [stdout]   |     ^^^^^^^
[INFO] [stdout]   |
[INFO] [stdout]   = note: `#[warn(unused_imports)]` on by default
[INFO] [stdout] 
[INFO] [stdout] 
[INFO] [stdout] warning: 1 warning emitted
[INFO] [stdout] 
[INFO] [stdout] 
[INFO] [stdout] error: return value of constructor must be a bare path
[INFO] [stdout]     --> /opt/rustwide/cargo-home/registry/src/github.com-1ecc6299db9ec823/js-sys-0.3.19/src/lib.rs:4089:13
[INFO] [stdout]      |
[INFO] [stdout] 4089 | /             /// The
[INFO] [stdout] 4090 | |             #[doc = $ctor]
[INFO] [stdout] 4091 | |             /// constructor creates an array of unsigned 8-bit integers.
[INFO] [stdout] 4092 | |             ///
[INFO] [stdout] ...    |
[INFO] [stdout] 4096 | |             #[wasm_bindgen(constructor)]
[INFO] [stdout] 4097 | |             pub fn new(constructor_arg: &JsValue) -> $name;
[INFO] [stdout]      | |___________________________________________________________^
[INFO] [stdout] ...
[INFO] [stdout] 4240 | / arrays! {
[INFO] [stdout] 4241 | |     /// `Int8Array()`
[INFO] [stdout] 4242 | |     /// https://developer.mozilla.org/en-US/docs/Web/JavaScript/Reference/Global_Objects/Int8Array
[INFO] [stdout] 4243 | |     Int8Array: i8,
[INFO] [stdout] ...    |
[INFO] [stdout] 4275 | |     Float64Array: f64,
[INFO] [stdout] 4276 | | }
[INFO] [stdout]      | |_- in this macro invocation
[INFO] [stdout]      |
[INFO] [stdout]      = note: this error originates in a macro (in Nightly builds, run with -Z macro-backtrace for more info)
[INFO] [stdout] 
[INFO] [stdout] 
[INFO] [stdout] error: return value of constructor must be a bare path
[INFO] [stdout]     --> /opt/rustwide/cargo-home/registry/src/github.com-1ecc6299db9ec823/js-sys-0.3.19/src/lib.rs:4099:13
[INFO] [stdout]      |
[INFO] [stdout] 4099 | /             /// An
[INFO] [stdout] 4100 | |             #[doc = $ctor]
[INFO] [stdout] 4101 | |             /// which creates an array with an internal buffer large
[INFO] [stdout] 4102 | |             /// enough for `length` elements.
[INFO] [stdout] ...    |
[INFO] [stdout] 4107 | |             #[wasm_bindgen(constructor)]
[INFO] [stdout] 4108 | |             pub fn new_with_length(length: u32) -> $name;
[INFO] [stdout]      | |_________________________________________________________^
[INFO] [stdout] ...
[INFO] [stdout] 4240 | / arrays! {
[INFO] [stdout] 4241 | |     /// `Int8Array()`
[INFO] [stdout] 4242 | |     /// https://developer.mozilla.org/en-US/docs/Web/JavaScript/Reference/Global_Objects/Int8Array
[INFO] [stdout] 4243 | |     Int8Array: i8,
[INFO] [stdout] ...    |
[INFO] [stdout] 4275 | |     Float64Array: f64,
[INFO] [stdout] 4276 | | }
[INFO] [stdout]      | |_- in this macro invocation
[INFO] [stdout]      |
[INFO] [stdout]      = note: this error originates in a macro (in Nightly builds, run with -Z macro-backtrace for more info)
[INFO] [stdout] 
[INFO] [stdout] 
[INFO] [stdout] error: return value of constructor must be a bare path
[INFO] [stdout]     --> /opt/rustwide/cargo-home/registry/src/github.com-1ecc6299db9ec823/js-sys-0.3.19/src/lib.rs:4110:13
[INFO] [stdout]      |
[INFO] [stdout] 4110 | /             /// An
[INFO] [stdout] 4111 | |             #[doc = $ctor]
[INFO] [stdout] 4112 | |             /// which creates an array with the given buffer but is a
[INFO] [stdout] 4113 | |             /// view starting at `byte_offset`.
[INFO] [stdout] ...    |
[INFO] [stdout] 4118 | |             #[wasm_bindgen(constructor)]
[INFO] [stdout] 4119 | |             pub fn new_with_byte_offset(buffer: &JsValue, byte_offset: u32) -> $name;
[INFO] [stdout]      | |_____________________________________________________________________________________^
[INFO] [stdout] ...
[INFO] [stdout] 4240 | / arrays! {
[INFO] [stdout] 4241 | |     /// `Int8Array()`
[INFO] [stdout] 4242 | |     /// https://developer.mozilla.org/en-US/docs/Web/JavaScript/Reference/Global_Objects/Int8Array
[INFO] [stdout] 4243 | |     Int8Array: i8,
[INFO] [stdout] ...    |
[INFO] [stdout] 4275 | |     Float64Array: f64,
[INFO] [stdout] 4276 | | }
[INFO] [stdout]      | |_- in this macro invocation
[INFO] [stdout]      |
[INFO] [stdout]      = note: this error originates in a macro (in Nightly builds, run with -Z macro-backtrace for more info)
[INFO] [stdout] 
[INFO] [stdout] 
[INFO] [stdout] error: return value of constructor must be a bare path
[INFO] [stdout]     --> /opt/rustwide/cargo-home/registry/src/github.com-1ecc6299db9ec823/js-sys-0.3.19/src/lib.rs:4121:13
[INFO] [stdout]      |
[INFO] [stdout] 4121 | /             /// An
[INFO] [stdout] 4122 | |             #[doc = $ctor]
[INFO] [stdout] 4123 | |             /// which creates an array with the given buffer but is a
[INFO] [stdout] 4124 | |             /// view starting at `byte_offset` for `length` elements.
[INFO] [stdout] ...    |
[INFO] [stdout] 4133 | |                 length: u32,
[INFO] [stdout] 4134 | |             ) -> $name;
[INFO] [stdout]      | |_______________________^
[INFO] [stdout] ...
[INFO] [stdout] 4240 | / arrays! {
[INFO] [stdout] 4241 | |     /// `Int8Array()`
[INFO] [stdout] 4242 | |     /// https://developer.mozilla.org/en-US/docs/Web/JavaScript/Reference/Global_Objects/Int8Array
[INFO] [stdout] 4243 | |     Int8Array: i8,
[INFO] [stdout] ...    |
[INFO] [stdout] 4275 | |     Float64Array: f64,
[INFO] [stdout] 4276 | | }
[INFO] [stdout]      | |_- in this macro invocation
[INFO] [stdout]      |
[INFO] [stdout]      = note: this error originates in a macro (in Nightly builds, run with -Z macro-backtrace for more info)
[INFO] [stdout] 
[INFO] [stdout] 
[INFO] [stdout] error: first argument of method must be a path
[INFO] [stdout]     --> /opt/rustwide/cargo-home/registry/src/github.com-1ecc6299db9ec823/js-sys-0.3.19/src/lib.rs:4141:32
[INFO] [stdout]      |
[INFO] [stdout] 4141 |               pub fn fill(this: &$name, value: $ty, start: u32, end: u32) -> $name;
[INFO] [stdout]      |                                  ^^^^^
[INFO] [stdout] ...
[INFO] [stdout] 4240 | / arrays! {
[INFO] [stdout] 4241 | |     /// `Int8Array()`
[INFO] [stdout] 4242 | |     /// https://developer.mozilla.org/en-US/docs/Web/JavaScript/Reference/Global_Objects/Int8Array
[INFO] [stdout] 4243 | |     Int8Array: i8,
[INFO] [stdout] ...    |
[INFO] [stdout] 4275 | |     Float64Array: f64,
[INFO] [stdout] 4276 | | }
[INFO] [stdout]      | |_- in this macro invocation
[INFO] [stdout]      |
[INFO] [stdout]      = note: this error originates in a macro (in Nightly builds, run with -Z macro-backtrace for more info)
[INFO] [stdout] 
[INFO] [stdout] 
[INFO] [stdout] error: first argument of method must be a path
[INFO] [stdout]     --> /opt/rustwide/cargo-home/registry/src/github.com-1ecc6299db9ec823/js-sys-0.3.19/src/lib.rs:4146:34
[INFO] [stdout]      |
[INFO] [stdout] 4146 |               pub fn buffer(this: &$name) -> ArrayBuffer;
[INFO] [stdout]      |                                    ^^^^^
[INFO] [stdout] ...
[INFO] [stdout] 4240 | / arrays! {
[INFO] [stdout] 4241 | |     /// `Int8Array()`
[INFO] [stdout] 4242 | |     /// https://developer.mozilla.org/en-US/docs/Web/JavaScript/Reference/Global_Objects/Int8Array
[INFO] [stdout] 4243 | |     Int8Array: i8,
[INFO] [stdout] ...    |
[INFO] [stdout] 4275 | |     Float64Array: f64,
[INFO] [stdout] 4276 | | }
[INFO] [stdout]      | |_- in this macro invocation
[INFO] [stdout]      |
[INFO] [stdout]      = note: this error originates in a macro (in Nightly builds, run with -Z macro-backtrace for more info)
[INFO] [stdout] 
[INFO] [stdout] 
[INFO] [stdout] error: first argument of method must be a path
[INFO] [stdout]     --> /opt/rustwide/cargo-home/registry/src/github.com-1ecc6299db9ec823/js-sys-0.3.19/src/lib.rs:4151:36
[INFO] [stdout]      |
[INFO] [stdout] 4151 |               pub fn subarray(this: &$name, begin: u32, end: u32) -> $name;
[INFO] [stdout]      |                                      ^^^^^
[INFO] [stdout] ...
[INFO] [stdout] 4240 | / arrays! {
[INFO] [stdout] 4241 | |     /// `Int8Array()`
[INFO] [stdout] 4242 | |     /// https://developer.mozilla.org/en-US/docs/Web/JavaScript/Reference/Global_Objects/Int8Array
[INFO] [stdout] 4243 | |     Int8Array: i8,
[INFO] [stdout] ...    |
[INFO] [stdout] 4275 | |     Float64Array: f64,
[INFO] [stdout] 4276 | | }
[INFO] [stdout]      | |_- in this macro invocation
[INFO] [stdout]      |
[INFO] [stdout]      = note: this error originates in a macro (in Nightly builds, run with -Z macro-backtrace for more info)
[INFO] [stdout] 
[INFO] [stdout] 
[INFO] [stdout] error: first argument of method must be a path
[INFO] [stdout]     --> /opt/rustwide/cargo-home/registry/src/github.com-1ecc6299db9ec823/js-sys-0.3.19/src/lib.rs:4157:33
[INFO] [stdout]      |
[INFO] [stdout] 4157 |               pub fn slice(this: &$name, begin: u32, end: u32) -> $name;
[INFO] [stdout]      |                                   ^^^^^
[INFO] [stdout] ...
[INFO] [stdout] 4240 | / arrays! {
[INFO] [stdout] 4241 | |     /// `Int8Array()`
[INFO] [stdout] 4242 | |     /// https://developer.mozilla.org/en-US/docs/Web/JavaScript/Reference/Global_Objects/Int8Array
[INFO] [stdout] 4243 | |     Int8Array: i8,
[INFO] [stdout] ...    |
[INFO] [stdout] 4275 | |     Float64Array: f64,
[INFO] [stdout] 4276 | | }
[INFO] [stdout]      | |_- in this macro invocation
[INFO] [stdout]      |
[INFO] [stdout]      = note: this error originates in a macro (in Nightly builds, run with -Z macro-backtrace for more info)
[INFO] [stdout] 
[INFO] [stdout] 
[INFO] [stdout] error: first argument of method must be a path
[INFO] [stdout]     --> /opt/rustwide/cargo-home/registry/src/github.com-1ecc6299db9ec823/js-sys-0.3.19/src/lib.rs:4164:36
[INFO] [stdout]      |
[INFO] [stdout] 4164 |               pub fn for_each(this: &$name, callback: &mut FnMut($ty, u32, $name));
[INFO] [stdout]      |                                      ^^^^^
[INFO] [stdout] ...
[INFO] [stdout] 4240 | / arrays! {
[INFO] [stdout] 4241 | |     /// `Int8Array()`
[INFO] [stdout] 4242 | |     /// https://developer.mozilla.org/en-US/docs/Web/JavaScript/Reference/Global_Objects/Int8Array
[INFO] [stdout] 4243 | |     Int8Array: i8,
[INFO] [stdout] ...    |
[INFO] [stdout] 4275 | |     Float64Array: f64,
[INFO] [stdout] 4276 | | }
[INFO] [stdout]      | |_- in this macro invocation
[INFO] [stdout]      |
[INFO] [stdout]      = note: this error originates in a macro (in Nightly builds, run with -Z macro-backtrace for more info)
[INFO] [stdout] 
[INFO] [stdout] 
[INFO] [stdout] error: first argument of method must be a path
[INFO] [stdout]     --> /opt/rustwide/cargo-home/registry/src/github.com-1ecc6299db9ec823/js-sys-0.3.19/src/lib.rs:4169:34
[INFO] [stdout]      |
[INFO] [stdout] 4169 |               pub fn length(this: &$name) -> u32;
[INFO] [stdout]      |                                    ^^^^^
[INFO] [stdout] ...
[INFO] [stdout] 4240 | / arrays! {
[INFO] [stdout] 4241 | |     /// `Int8Array()`
[INFO] [stdout] 4242 | |     /// https://developer.mozilla.org/en-US/docs/Web/JavaScript/Reference/Global_Objects/Int8Array
[INFO] [stdout] 4243 | |     Int8Array: i8,
[INFO] [stdout] ...    |
[INFO] [stdout] 4275 | |     Float64Array: f64,
[INFO] [stdout] 4276 | | }
[INFO] [stdout]      | |_- in this macro invocation
[INFO] [stdout]      |
[INFO] [stdout]      = note: this error originates in a macro (in Nightly builds, run with -Z macro-backtrace for more info)
[INFO] [stdout] 
[INFO] [stdout] 
[INFO] [stdout] error: first argument of method must be a path
[INFO] [stdout]     --> /opt/rustwide/cargo-home/registry/src/github.com-1ecc6299db9ec823/js-sys-0.3.19/src/lib.rs:4174:39
[INFO] [stdout]      |
[INFO] [stdout] 4174 |               pub fn byte_length(this: &$name) -> u32;
[INFO] [stdout]      |                                         ^^^^^
[INFO] [stdout] ...
[INFO] [stdout] 4240 | / arrays! {
[INFO] [stdout] 4241 | |     /// `Int8Array()`
[INFO] [stdout] 4242 | |     /// https://developer.mozilla.org/en-US/docs/Web/JavaScript/Reference/Global_Objects/Int8Array
[INFO] [stdout] 4243 | |     Int8Array: i8,
[INFO] [stdout] ...    |
[INFO] [stdout] 4275 | |     Float64Array: f64,
[INFO] [stdout] 4276 | | }
[INFO] [stdout]      | |_- in this macro invocation
[INFO] [stdout]      |
[INFO] [stdout]      = note: this error originates in a macro (in Nightly builds, run with -Z macro-backtrace for more info)
[INFO] [stdout] 
[INFO] [stdout] 
[INFO] [stdout] error: first argument of method must be a path
[INFO] [stdout]     --> /opt/rustwide/cargo-home/registry/src/github.com-1ecc6299db9ec823/js-sys-0.3.19/src/lib.rs:4179:39
[INFO] [stdout]      |
[INFO] [stdout] 4179 |               pub fn byte_offset(this: &$name) -> u32;
[INFO] [stdout]      |                                         ^^^^^
[INFO] [stdout] ...
[INFO] [stdout] 4240 | / arrays! {
[INFO] [stdout] 4241 | |     /// `Int8Array()`
[INFO] [stdout] 4242 | |     /// https://developer.mozilla.org/en-US/docs/Web/JavaScript/Reference/Global_Objects/Int8Array
[INFO] [stdout] 4243 | |     Int8Array: i8,
[INFO] [stdout] ...    |
[INFO] [stdout] 4275 | |     Float64Array: f64,
[INFO] [stdout] 4276 | | }
[INFO] [stdout]      | |_- in this macro invocation
[INFO] [stdout]      |
[INFO] [stdout]      = note: this error originates in a macro (in Nightly builds, run with -Z macro-backtrace for more info)
[INFO] [stdout] 
[INFO] [stdout] 
[INFO] [stdout] error: first argument of method must be a path
[INFO] [stdout]     --> /opt/rustwide/cargo-home/registry/src/github.com-1ecc6299db9ec823/js-sys-0.3.19/src/lib.rs:4184:31
[INFO] [stdout]      |
[INFO] [stdout] 4184 |               pub fn set(this: &$name, src: &JsValue, offset: u32);
[INFO] [stdout]      |                                 ^^^^^
[INFO] [stdout] ...
[INFO] [stdout] 4240 | / arrays! {
[INFO] [stdout] 4241 | |     /// `Int8Array()`
[INFO] [stdout] 4242 | |     /// https://developer.mozilla.org/en-US/docs/Web/JavaScript/Reference/Global_Objects/Int8Array
[INFO] [stdout] 4243 | |     Int8Array: i8,
[INFO] [stdout] ...    |
[INFO] [stdout] 4275 | |     Float64Array: f64,
[INFO] [stdout] 4276 | | }
[INFO] [stdout]      | |_- in this macro invocation
[INFO] [stdout]      |
[INFO] [stdout]      = note: this error originates in a macro (in Nightly builds, run with -Z macro-backtrace for more info)
[INFO] [stdout] 
[INFO] [stdout] 
[INFO] [stdout] error[E0433]: failed to resolve: use of undeclared type or module `Int8Array`
[INFO] [stdout]     --> /opt/rustwide/cargo-home/registry/src/github.com-1ecc6299db9ec823/js-sys-0.3.19/src/lib.rs:4243:5
[INFO] [stdout]      |
[INFO] [stdout] 4243 |     Int8Array: i8,
[INFO] [stdout]      |     ^^^^^^^^^ use of undeclared type or module `Int8Array`
[INFO] [stdout] 
[INFO] [stdout] 
[INFO] [stdout] error[E0433]: failed to resolve: use of undeclared type or module `Int16Array`
[INFO] [stdout]     --> /opt/rustwide/cargo-home/registry/src/github.com-1ecc6299db9ec823/js-sys-0.3.19/src/lib.rs:4247:5
[INFO] [stdout]      |
[INFO] [stdout] 4247 |     Int16Array: i16,
[INFO] [stdout]      |     ^^^^^^^^^^ use of undeclared type or module `Int16Array`
[INFO] [stdout] 
[INFO] [stdout] 
[INFO] [stdout] error[E0433]: failed to resolve: use of undeclared type or module `Int32Array`
[INFO] [stdout]     --> /opt/rustwide/cargo-home/registry/src/github.com-1ecc6299db9ec823/js-sys-0.3.19/src/lib.rs:4251:5
[INFO] [stdout]      |
[INFO] [stdout] 4251 |     Int32Array: i32,
[INFO] [stdout]      |     ^^^^^^^^^^ use of undeclared type or module `Int32Array`
[INFO] [stdout] 
[INFO] [stdout] 
[INFO] [stdout] error[E0433]: failed to resolve: use of undeclared type or module `Uint8Array`
[INFO] [stdout]     --> /opt/rustwide/cargo-home/registry/src/github.com-1ecc6299db9ec823/js-sys-0.3.19/src/lib.rs:4255:5
[INFO] [stdout]      |
[INFO] [stdout] 4255 |     Uint8Array: u8,
[INFO] [stdout]      |     ^^^^^^^^^^ use of undeclared type or module `Uint8Array`
[INFO] [stdout] 
[INFO] [stdout] 
[INFO] [stdout] error[E0433]: failed to resolve: use of undeclared type or module `Uint8ClampedArray`
[INFO] [stdout]     --> /opt/rustwide/cargo-home/registry/src/github.com-1ecc6299db9ec823/js-sys-0.3.19/src/lib.rs:4259:5
[INFO] [stdout]      |
[INFO] [stdout] 4259 |     Uint8ClampedArray: u8,
[INFO] [stdout]      |     ^^^^^^^^^^^^^^^^^ use of undeclared type or module `Uint8ClampedArray`
[INFO] [stdout] 
[INFO] [stdout] 
[INFO] [stdout] error[E0433]: failed to resolve: use of undeclared type or module `Uint16Array`
[INFO] [stdout]     --> /opt/rustwide/cargo-home/registry/src/github.com-1ecc6299db9ec823/js-sys-0.3.19/src/lib.rs:4263:5
[INFO] [stdout]      |
[INFO] [stdout] 4263 |     Uint16Array: u16,
[INFO] [stdout]      |     ^^^^^^^^^^^ use of undeclared type or module `Uint16Array`
[INFO] [stdout] 
[INFO] [stdout] 
[INFO] [stdout] error[E0433]: failed to resolve: use of undeclared type or module `Uint32Array`
[INFO] [stdout]     --> /opt/rustwide/cargo-home/registry/src/github.com-1ecc6299db9ec823/js-sys-0.3.19/src/lib.rs:4267:5
[INFO] [stdout]      |
[INFO] [stdout] 4267 |     Uint32Array: u32,
[INFO] [stdout]      |     ^^^^^^^^^^^ use of undeclared type or module `Uint32Array`
[INFO] [stdout] 
[INFO] [stdout] 
[INFO] [stdout] error[E0433]: failed to resolve: use of undeclared type or module `Float32Array`
[INFO] [stdout]     --> /opt/rustwide/cargo-home/registry/src/github.com-1ecc6299db9ec823/js-sys-0.3.19/src/lib.rs:4271:5
[INFO] [stdout]      |
[INFO] [stdout] 4271 |     Float32Array: f32,
[INFO] [stdout]      |     ^^^^^^^^^^^^ use of undeclared type or module `Float32Array`
[INFO] [stdout] 
[INFO] [stdout] 
[INFO] [stdout] error[E0433]: failed to resolve: use of undeclared type or module `Float64Array`
[INFO] [stdout]     --> /opt/rustwide/cargo-home/registry/src/github.com-1ecc6299db9ec823/js-sys-0.3.19/src/lib.rs:4275:5
[INFO] [stdout]      |
[INFO] [stdout] 4275 |     Float64Array: f64,
[INFO] [stdout]      |     ^^^^^^^^^^^^ use of undeclared type or module `Float64Array`
[INFO] [stdout] 
[INFO] [stdout] 
[INFO] [stdout] error[E0412]: cannot find type `Int8Array` in this scope
[INFO] [stdout]     --> /opt/rustwide/cargo-home/registry/src/github.com-1ecc6299db9ec823/js-sys-0.3.19/src/lib.rs:4243:5
[INFO] [stdout]      |
[INFO] [stdout] 4243 |     Int8Array: i8,
[INFO] [stdout]      |     ^^^^^^^^^ not found in this scope
[INFO] [stdout] 
[INFO] [stdout] 
[INFO] [stdout] error[E0412]: cannot find type `Int16Array` in this scope
[INFO] [stdout]     --> /opt/rustwide/cargo-home/registry/src/github.com-1ecc6299db9ec823/js-sys-0.3.19/src/lib.rs:4247:5
[INFO] [stdout]      |
[INFO] [stdout] 4247 |     Int16Array: i16,
[INFO] [stdout]      |     ^^^^^^^^^^ not found in this scope
[INFO] [stdout] 
[INFO] [stdout] 
[INFO] [stdout] error[E0412]: cannot find type `Int32Array` in this scope
[INFO] [stdout]     --> /opt/rustwide/cargo-home/registry/src/github.com-1ecc6299db9ec823/js-sys-0.3.19/src/lib.rs:4251:5
[INFO] [stdout]      |
[INFO] [stdout] 4251 |     Int32Array: i32,
[INFO] [stdout]      |     ^^^^^^^^^^ not found in this scope
[INFO] [stdout] 
[INFO] [stdout] 
[INFO] [stdout] error[E0412]: cannot find type `Uint8Array` in this scope
[INFO] [stdout]     --> /opt/rustwide/cargo-home/registry/src/github.com-1ecc6299db9ec823/js-sys-0.3.19/src/lib.rs:4255:5
[INFO] [stdout]      |
[INFO] [stdout] 4255 |     Uint8Array: u8,
[INFO] [stdout]      |     ^^^^^^^^^^ not found in this scope
[INFO] [stdout] 
[INFO] [stdout] 
[INFO] [stdout] error[E0412]: cannot find type `Uint8ClampedArray` in this scope
[INFO] [stdout]     --> /opt/rustwide/cargo-home/registry/src/github.com-1ecc6299db9ec823/js-sys-0.3.19/src/lib.rs:4259:5
[INFO] [stdout]      |
[INFO] [stdout] 4259 |     Uint8ClampedArray: u8,
[INFO] [stdout]      |     ^^^^^^^^^^^^^^^^^ not found in this scope
[INFO] [stdout] 
[INFO] [stdout] 
[INFO] [stdout] error[E0412]: cannot find type `Uint16Array` in this scope
[INFO] [stdout]     --> /opt/rustwide/cargo-home/registry/src/github.com-1ecc6299db9ec823/js-sys-0.3.19/src/lib.rs:4263:5
[INFO] [stdout]      |
[INFO] [stdout] 4263 |     Uint16Array: u16,
[INFO] [stdout]      |     ^^^^^^^^^^^ not found in this scope
[INFO] [stdout] 
[INFO] [stdout] 
[INFO] [stdout] error[E0412]: cannot find type `Uint32Array` in this scope
[INFO] [stdout]     --> /opt/rustwide/cargo-home/registry/src/github.com-1ecc6299db9ec823/js-sys-0.3.19/src/lib.rs:4267:5
[INFO] [stdout]      |
[INFO] [stdout] 4267 |     Uint32Array: u32,
[INFO] [stdout]      |     ^^^^^^^^^^^ not found in this scope
[INFO] [stdout] 
[INFO] [stdout] 
[INFO] [stdout] error[E0412]: cannot find type `Float32Array` in this scope
[INFO] [stdout]     --> /opt/rustwide/cargo-home/registry/src/github.com-1ecc6299db9ec823/js-sys-0.3.19/src/lib.rs:4271:5
[INFO] [stdout]      |
[INFO] [stdout] 4271 |     Float32Array: f32,
[INFO] [stdout]      |     ^^^^^^^^^^^^ not found in this scope
[INFO] [stdout] 
[INFO] [stdout] 
[INFO] [stdout] error[E0412]: cannot find type `Float64Array` in this scope
[INFO] [stdout]     --> /opt/rustwide/cargo-home/registry/src/github.com-1ecc6299db9ec823/js-sys-0.3.19/src/lib.rs:4275:5
[INFO] [stdout]      |
[INFO] [stdout] 4275 |     Float64Array: f64,
[INFO] [stdout]      |     ^^^^^^^^^^^^ not found in this scope
[INFO] [stdout] 
[INFO] [stdout] 
[INFO] [stdout] error: aborting due to 31 previous errors
[INFO] [stdout] 
[INFO] [stdout] 
[INFO] [stdout] Some errors have detailed explanations: E0412, E0433.
[INFO] [stdout] 
[INFO] [stdout] For more information about an error, try `rustc --explain E0412`.
[INFO] [stdout] 
[INFO] [stderr] error: could not compile `js-sys`.
[INFO] [stderr] 
[INFO] [stderr] To learn more, run the command again with --verbose.
[INFO] running `Command { std: "docker" "inspect" "1ce059d513521ed5516078778a7a682957ba49a55bc7fbc466fbc2a9f23471b4", kill_on_drop: false }`
[INFO] running `Command { std: "docker" "rm" "-f" "1ce059d513521ed5516078778a7a682957ba49a55bc7fbc466fbc2a9f23471b4", kill_on_drop: false }`
[INFO] [stdout] 1ce059d513521ed5516078778a7a682957ba49a55bc7fbc466fbc2a9f23471b4
